b**3 - 3. Suppose m + 0 - 4 = 0. What is w(m)?
-9
Suppose -5*c + 0*p - 4*p - 26 = 0, -c - 4*p - 18 = 0. Let q(f) = 7*f - 2. What is q(c)?
-16
Let d(r) be the third derivative of r**6/120 + r**5/20 - r**4/12 + 2*r**3/3 + 22*r**2. Determine d(-4).
-4
Let s(a) = a + 4. Let r = 21 + -5. Suppose -3*v - v = -r. Calculate s(v).
8
Let g(h) be the second derivative of h**5/20 - 7*h**4/12 + 5*h**3/6 + 5*h**2/2 + 18*h. Determine g(5).
-20
Suppose 3*i + b - 15 = 5*b, 0 = 2*i + 2*b + 4. Let n(x) be the first derivative of x - i - 1/2*x**2. What is n(-4)?
5
Let o = -70 + 61. Let t(r) = -r**2 - 10*r - 3. Give t(o).
6
Let n(j) = -j - 10. Let o(d) = -10. Let i(b) = -3*n(b) + 2*o(b). Let g be i(-4). Let k(f) = -f**3 - 2*f**2 + 2*f + 1. Give k(g).
-3
Let w(m) = m**3 - 4*m**2 - 2*m + 4. Suppose -5*c + 3*q + 5 = 0, 2*c - 2*q = 2*q - 12. Determine w(c).
-4
Let a(x) = 3*x - 3*x + 11 - x. Let d be a(8). Let i(z) = -1 + d*z**2 - 1 + 2*z + 0*z. Determine i(-2).
6
Let c(p) = -p**3 - 3*p**2 + 6*p + 2. Suppose -u = -4*u - 66. Let l = -16 - u. Suppose -k = -2*b + l, 4*b = -k + 7*b - 7. What is c(k)?
-6
Let q be ((-6)/9)/(2/(-3)). Let a(t) = -9*t - 1. What is a(q)?
-10
Let a(g) be the second derivative of 7*g**4/12 - g**3/6 - 14*g. Determine a(1).
6
Let v(l) = -6*l**2 + l**2 + l**2. Let j(h) = 3*h**2. Let k(b) = -3*j(b) - 2*v(b). Let n(c) = c**3 - 6*c**2 - 2*c + 4. Let z(s) = 2*k(s) - n(s). Determine z(4).
4
Let t(m) = -m**3 - 7*m**2 + 9*m + 2. Let k be -12 - (126/(-35) + (-2)/5). Determine t(k).
-6
Let t(i) = -i**2 + 8*i - 4. Let d = -1 - -10. Let n be (18/10)/(d/30). What is t(n)?
8
Let l(s) = -15*s**3 - 8*s**2 - 19*s - 6. Let u(x) = 8*x**3 + 4*x**2 + 10*x + 3. Let t = -16 + 22. Let q(g) = t*l(g) + 11*u(g). Give q(-2).
5
Let r(q) = -q**2 - 5*q - 2. Let j be r(-6). Let v = j - -11. Suppose -v*w + 0*w = -12. Let d(i) = i + 1. What is d(w)?
5
Let m = 79 + -82. Let v(a) = -2*a - 3. What is v(m)?
3
Let s(u) = 1. Let l(i) = 3*i + 9. Let x(k) = -l(k) + 5*s(k). What is x(-4)?
8
Let i(j) = -j**2 - 6*j + 3. Let n = 18 + -13. Suppose -10 = 5*w - n*g, 5*w = w - 3*g - 29. Determine i(w).
8
Let b(l) be the third derivative of l**6/120 - l**5/15 - l**4/6 - l**3/2 + 10*l**2. Calculate b(5).
2
Let v(s) = s + 3. Suppose -4*y - 38 = f - 4*f, 3*f + 2 = -y. Let j = 4 + y. Give v(j).
-1
Let t be ((-2)/4)/((-2)/(-16)). Let k = t - 0. Let w(y) = 2676 + 2681 - 3*y - y**2 - 5358. What is w(k)?
-5
Let c(x) = x**2 - 2*x - 5. Suppose 0 = 160*r - 157*r - 15. Calculate c(r).
10
Let z(p) = -225*p**2 - 224*p**2 + 448*p**2 - p. Determine z(-3).
-6
Suppose -s = s + r - 4, -4*s + 2*r = -8. Let i(m) = 2*m**s - 3*m**2 + 3*m**2. Calculate i(-1).
2
Let q(t) = -3*t - 4. Let i be q(-3). Let r(s) be the third derivative of 0*s**3 - 2*s**2 + 1/15*s**i + 5/24*s**4 + 0*s + 0 - 1/120*s**6. Give r(5).
0
Suppose 5*x = 5*m - 30, -5*x + 4*x = m - 2. Let q(l) be the third derivative of -l**6/120 - l**5/60 + l**3/6 - 25*l**2 - 2. Give q(x).
5
Let d(j) = -6*j**2 - 1 + j**3 + 0 - 148*j + 152*j - 4. What is d(4)?
-21
Let r(s) = 8*s - 4. Let u(t) = -t. Let q(l) = -r(l) - 6*u(l). Let n(d) be the second derivative of -d**4/12 + 5*d**3/3 - 3*d**2 + 8*d. Let i be n(9). Give q(i).
-2
Let b(x) = x**2 - x - 1. Let i(u) = -9*u**2 - u + 9. Let n(l) = -6*b(l) - i(l). Let h(c) = 5*c**2 + 10*c - 4. Let f(z) = 5*h(z) - 8*n(z). Determine f(4).
-4
Let p(x) = -2*x - 1. Let v be p(2). Let i(g) = -2*g - 35. Let a be i(-15). Let w = v - a. Let n(o) = -o**2 - 3. Determine n(w).
-3
Let y(l) = 2*l - 1. Let b(a) = a + 1. Let c(h) = -2*b(h) - y(h). Let v = 1 - -3. Suppose v*i + 6 = i. What is c(i)?
7
Let t(g) = -5*g**2 + 5*g - 3*g**3 - 4 + 2*g**3 - 1. Let o be t(-6). Let m(v) = -o + v - 2*v - v. Determine m(4).
-9
Suppose 3*q + 4*o - 14 = 0, -4*o + o = 4*q - 14. Let i(d) = -2*d**3 + d**2 + d + 1. What is i(q)?
-9
Let u(y) = 4*y + 1. Let t(r) = -r**3 - 3*r**2 + 6*r + 6. Let s be t(-4). Calculate u(s).
-7
Let o(z) = z**2 - 2. Let h(s) = s**3 - 7*s**2 + 5. Let l be h(7). Suppose 2*b - 1 + 7 = -2*y, -3*y + b - l = 0. What is o(y)?
2
Suppose 0 = -0*i - 6*i - 18. Let s(b) = 8*b - 3. Determine s(i).
-27
Let i(x) be the first derivative of -x**7/840 - x**6/120 + x**5/30 + x**4/8 + 2*x**3/3 - 2. Let q(j) be the third derivative of i(j). Give q(-3).
-9
Let c(s) = -s**2 - 3*s + 7. Suppose -3*o = o - 48. Let v(y) = y**3 - 11*y**2 - 11*y - 17. Let l be v(o). Give c(l).
-3
Let q = -13 + 16. Let a(h) be the second derivative of 1/3*h**q + 0 + h**2 + 2*h. Determine a(-4).
-6
Let q = 3 - 0. Suppose q*n - 1 = 14. Let m(p) = -p**2 - 4 + 4 - p - 3*p + n. Determine m(-4).
5
Let k(v) be the third derivative of -v**6/120 + v**5/30 - v**4/24 + v**3/2 - 2*v**2. Calculate k(3).
-9
Let f(m) be the third derivative of -m**6/24 + m**5/60 + m**4/24 + m**3/6 + 4*m**2. Let o be f(-1). Let z(i) = -i**2 + 5*i + 5. Give z(o).
-1
Let y(b) = -b**2 - 6*b + 4. Let x = 1 - -2. Suppose -3*f = -x + 18. Determine y(f).
9
Let s(q) = q - 1. Let m be s(-3). Let t(d) = -5*d - 1. Let i(r) = 11*r + 3. Let b(u) = -4*i(u) - 9*t(u). Give b(m).
-7
Let m(t) = 6*t**2 + t - 1. Suppose -2 = -5*d + 4*d + 4*n, 3*d + 1 = 5*n. What is m(d)?
21
Let p(y) = 4*y**3 + y**2 + 2 - y - 3*y**3 - 6*y**2. Suppose -2*g + 6 = 0, -2*r + g - 23 = -10. Let l = 0 - r. What is p(l)?
-3
Let k(w) be the third derivative of w**4/12 + w**3 - 3*w**2 + 7. Suppose -3*t = -t + 12. Calculate k(t).
-6
Let l(w) = 4*w - 3. Suppose 4*n - 5 = 5*j - 0, j - 13 = -2*n. Give l(j).
9
Suppose 3*n - 13 = -4*x, n + 3*x - 4 = 7. Let c = -4 + 5. Let v(l) = 3*l**2 + 2 - c + 0. What is v(n)?
4
Suppose -4*o + 7 = -5*p, 1 = -3*o + 5*p + 5. Let i(m) = m**3 - 4*m**2 + 4*m - 1. Give i(o).
2
Let i(o) = 0 + o + 1 + o. Let h be (-16)/(-6)*(-12)/(-8). Suppose h - 5 = -f. Determine i(f).
3
Let o(n) = n**3 - 2*n**2 - 4*n + 1. Let w = -2 - -2. Suppose -g + 3*g - 6 = w. Determine o(g).
-2
Let h(u) be the second derivative of u**4/24 + 2*u**3/3 - 3*u**2/2 + 10*u. Let w(k) be the first derivative of h(k). Give w(-6).
-2
Let t(f) be the first derivative of f**5/120 + f**4/24 - f**3 - 5. Let d(a) be the third derivative of t(a). Determine d(-1).
0
Let k = 28 - 28. Let q(h) = -h**2 + 10. Give q(k).
10
Let o be ((-18)/4)/((-1)/(-2)). Let c be 3/o*-3 - -1. Let w(j) = 7 - 5*j - 2 + c + j**2. What is w(5)?
7
Let t(v) be the third derivative of -v**8/5040 + v**6/720 + v**5/30 + 3*v**2. Let j(b) be the third derivative of t(b). What is j(1)?
-3
Let k(r) = -2*r**2 - r**3 + 0*r**2 - r + 0*r**3 - 3. Suppose 5 = -4*a - 7. Give k(a).
9
Let j(k) = -2*k**3 + k - 2. Suppose -4*y = -4*h + 12, 3*y = y - 5*h + 1. What is j(y)?
12
Let j(z) = -4*z**3 - 4*z**2 - z - 2. Let o(h) = -h**3 - 1. Let a(s) = -j(s) + 5*o(s). Suppose 2*i - 3 = 9. Let k be (0 + -6)/((-9)/i). Determine a(k).
1
Suppose -4*m = -8*m - 12. Let r(w) = 4*w**2 + w - 5. Let g(k) = -k**2 + 1. Let d(z) = m*g(z) - r(z). Give d(-3).
-4
Let o(n) = n**2 - n + 5. Let i = 25 + -25. Calculate o(i).
5
Let y(v) = v**3 + 4*v**2 - 5*v + 6. Suppose 0 = -5*o + 4*r + 8, 6 = -0*o + o - 3*r. Suppose o*s = -s - 6. Let f = -11 - s. Determine y(f).
6
Let w(n) = 7*n**2 - 5*n - 8. Let q(a) = -10*a**2 + 7*a + 12. Let r(d) = -5*q(d) - 7*w(d). Let t = 12 + -9. Determine r(t).
5
Let r(l) = l**3 + 3*l - 6*l + 4*l**2 + 5*l. Let f be r(-2). Let g(s) = 2*s - 5. What is g(f)?
3
Let m(x) = 3*x + 1. Let u be -6*((-27)/(-6) - 4). Determine m(u).
-8
Let j be (-9)/(-6)*6/(-3). Let b(q) = q**3 + q + 2. Let f(z) = z**2 + z. Let h(m) = j*f(m) + b(m). Give h(2).
-6
Let h(i) = i**3 + 5*i**2 - 3*i - 7. Let j be (2/3)/(3/(-9)). Let r(k) be the second derivative of k**3/2 + k**2/2 - 2*k. Let m be r(j). Determine h(m).
8
Let v be ((-44)/12 - -3)/((-2)/(-3)). Let u(g) = 6*g**3 + 2*g**2 + 2*g + 1. Give u(v).
-5
Let t(w) = w**3 + 5*w**2 - 6*w. Let y be t(-6). Let o = 1 - y. Let x(s) = -s**2 - 2*s - 2*s**3 - 4*s**3 + 3*s**2 + s. Determine x(o).
-5
Let d(z) be the first derivative of z**3/3 + 5*z**2/2 + 4*z + 14. Calculate d(-5).
4
Let y(o) = 1 - 3*o**3 + 4*o**3 - o + 3*o**2 + 0*o**3. Suppose -3*g + 15 = -3. Let t = 4 - g. Determine y(t).
7
Let y(h) be the second derivative of -h**4/12 - 5*h**3/6 - 2*h**2 + 2*h. Suppose z = 6*z + 15. What is y(z)?
2
Let x(s) = -2*s**2 - 6*s**2 + 3*s**2 + 9 + s**3 - 2*s**3 + 6*s. What is x(-6)?
9
Let h = 27/14 - 317/168. Let x(o) be the th